{"id":53,"date":"2021-05-31T01:43:00","date_gmt":"2021-05-30T23:43:00","guid":{"rendered":"http:\/\/art-d-eclat.fr\/?page_id=53"},"modified":"2021-06-06T18:49:26","modified_gmt":"2021-06-06T16:49:26","slug":"la-pierre","status":"publish","type":"page","link":"https:\/\/art-d-eclat.fr\/index.php\/la-pierre\/","title":{"rendered":"la Pierre"},"content":{"rendered":"\n<div class=\"wp-block-group\"><div class=\"wp-block-group__inner-container\">\n<figure class=\"wp-block-image size-large is-resized is-style-rounded\"><img loading=\"lazy\" src=\"http:\/\/art-d-eclat.fr\/wp-content\/uploads\/2021\/05\/20160621_112119b-1-941x1024.jpg\" alt=\"\" class=\"wp-image-62\" width=\"262\" height=\"285\" srcset=\"https:\/\/art-d-eclat.fr\/wp-content\/uploads\/2021\/05\/20160621_112119b-1-941x1024.jpg 941w, https:\/\/art-d-eclat.fr\/wp-content\/uploads\/2021\/05\/20160621_112119b-1-276x300.jpg 276w, https:\/\/art-d-eclat.fr\/wp-content\/uploads\/2021\/05\/20160621_112119b-1-768x836.jpg 768w, https:\/\/art-d-eclat.fr\/wp-content\/uploads\/2021\/05\/20160621_112119b-1-1412x1536.jpg 1412w, https:\/\/art-d-eclat.fr\/wp-content\/uploads\/2021\/05\/20160621_112119b-1.jpg 1536w\" sizes=\"(max-width: 262px) 100vw, 262px\" \/><\/figure>\n<\/div><\/div>\n\n\n\n<figure class=\"wp-block-pullquote\"><blockquote><p><strong>Un mat\u00e9riaux perenne, pour la valorisation de votre patrimoine<\/strong><\/p><\/blockquote><\/figure>\n\n\n\n<p>La pierre de taille est notoirement connue pour avoir travers\u00e9e l&#8217;histoire depuis la p\u00e9riode antique et pour avoir d\u00e9finitivement marquer l&#8217;\u00e2ge d&#8217;or du patrimoine architectural europ\u00e9en. Elle est donc reconnue incontestablement comme l&#8217;un des mat\u00e9riaux les plus noble et prestigieux dans le domaine du b\u00e2ti. Elle assurera \u00e0 votre patrimoine p\u00e9rennit\u00e9 et valorisation \u00e0 travers le temps.<\/p>\n\n\n\n<p>La pierre une fois pos\u00e9e ne demande quasiment pas d&#8217;entretien, elle r\u00e9alisera progressivement son calcin et prendra toujours plus de caract\u00e8re au fil du temps.<\/p>\n\n\n\n<div class=\"wp-block-group\"><div class=\"wp-block-group__inner-container\">\n<p><strong>Traditionnel ou moderne, la pierre s&#8217;adapte \u00e0 votre projet<\/strong><\/p>\n<\/div><\/div>\n\n\n\n<p>Qu&#8217;il s&#8217;agisse de valoriser un patrimoine rural ou historique, ou d&#8217;ajouter du prestige \u00e0 une construction plus r\u00e9cente et moderne, la pierre saura \u00eatre travaill\u00e9e de mani\u00e8re \u00e0 s&#8217;adapter \u00e0 vos diff\u00e9rents type de projets.<\/p>\n\n\n\n<p><strong>Un mat\u00e9riau accessible<\/strong><\/p>\n\n\n\n<p>La pierre de taille est souvent vu comme un mat\u00e9riau de luxe et r\u00e9serv\u00e9 \u00e0 un public privil\u00e9gi\u00e9, on l&#8217;imagine couteuse et g\u00e9n\u00e9ralement hors d&#8217;acc\u00e8s. En r\u00e9alit\u00e9 la pierre de taille ne reviendra pas plus ch\u00e8re que d&#8217;autres mat\u00e9riaux ou d&#8217;autres prestations pourtant moins prestigieuses ou valorisantes pour le patrimoine. Elle est m\u00eame tr\u00e8s \u00e9conomique si on l&#8217;estime en regard de sa p\u00e9rennit\u00e9.<\/p>\n\n\n\n<p><strong>Une mise en \u0153uvre rapide<\/strong><\/p>\n\n\n\n<p>Contrairement \u00e0 ce que l&#8217;on pourrait penser, la taille et la mise en \u0153uvre d&#8217;un ouvrage en pierre de taille peuvent \u00eatre r\u00e9alis\u00e9 relativement rapidement, et ne prennent pas beaucoup plus de temps que d&#8217;autres travaux plus classiques dans les domaines de la ma\u00e7onnerie et du gros \u0153uvre.<\/p>\n\n\n\n<p><a href=\"http:\/\/art-d-eclat.fr\/index.php\/contact\/\" data-type=\"URL\" data-id=\"http:\/\/art-d-eclat.fr\/index.php\/contact\/\"><strong>Vous pouvez prendre contact pour vos projets et chantiers, ou toute demande de renseignement via l\u2019onglet Contact<\/strong>.<\/a><\/p>\n","protected":false},"excerpt":{"rendered":"<p>Un mat\u00e9riaux perenne, pour la valorisation de votre patrimoine La pierre de taille est notoirement connue pour avoir travers\u00e9e l&#8217;histoire depuis la p\u00e9riode antique et pour avoir d\u00e9finitivement marquer l&#8217;\u00e2ge d&#8217;or du patrimoine architectural europ\u00e9en. Elle est donc reconnue incontestablement comme l&#8217;un des mat\u00e9riaux les plus noble et prestigieux dans le domaine du b\u00e2ti. Elle [&hellip;]<\/p>\n","protected":false},"author":1,"featured_media":0,"parent":0,"menu_order":0,"comment_status":"closed","ping_status":"closed","template":"","meta":[],"_links":{"self":[{"href":"https:\/\/art-d-eclat.fr\/index.php\/wp-json\/wp\/v2\/pages\/53"}],"collection":[{"href":"https:\/\/art-d-eclat.fr\/index.php\/wp-json\/wp\/v2\/pages"}],"about":[{"href":"https:\/\/art-d-eclat.fr\/index.php\/wp-json\/wp\/v2\/types\/page"}],"author":[{"embeddable":true,"href":"https:\/\/art-d-eclat.fr\/index.php\/wp-json\/wp\/v2\/users\/1"}],"replies":[{"embeddable":true,"href":"https:\/\/art-d-eclat.fr\/index.php\/wp-json\/wp\/v2\/comments?post=53"}],"version-history":[{"count":6,"href":"https:\/\/art-d-eclat.fr\/index.php\/wp-json\/wp\/v2\/pages\/53\/revisions"}],"predecessor-version":[{"id":111,"href":"https:\/\/art-d-eclat.fr\/index.php\/wp-json\/wp\/v2\/pages\/53\/revisions\/111"}],"wp:attachment":[{"href":"https:\/\/art-d-eclat.fr\/index.php\/wp-json\/wp\/v2\/media?parent=53"}],"curies":[{"name":"wp","href":"https:\/\/api.w.org\/{rel}","templated":true}]}}